 is -184 + 184 + 3 + (0 - 2)?
1
8 - 9 - -9 - 3
5
Evaluate 3 - (-3 + (-5 - -20 - 4)).
-5
Calculate -2 + 2 + (-3 - 1) + 0.
-4
What is -1 - -5 - (-5 - -8)?
1
Calculate -1 + 2 + 3 - (8 + -8).
4
What is the value of (4 - 7 - -3) + 6?
6
Evaluate -11 - (0 + -2 + -6 + 2).
-5
Calculate 1 + 2 + (-2 + -1 - 4).
-4
What is (10 - 3) + 0 - 8?
-1
What is (15 - (-8 - -12)) + -7 - -5?
9
What is -1 + ((4 - -3) + -4 - 2)?
0
What is (2 + -4 - -2 - -2) + 3?
5
Evaluate (4 - -1) + -2 + (-6 - -6).
3
Calculate -10 + 16 - (0 - -1).
5
-7 - -6 - (1 - 1)
-1
Evaluate (-3 - 3) + 1 + (2 - 0).
-3
1 + 1 - (-180 + 190)
-8
What is the value of (11 + -2 - 5) + -6?
-2
Calculate (-5 - -16) + (-1 - 5) + -2.
3
Evaluate 4 + 4 - -2 - 18.
-8
(-2 + 1 - -1) + (-1 - -3)
2
Evaluate 0 - (1 + 4 + -10).
5
-2 - (2 + 3 + -6)
-1
Calculate (6 - 5) + -1 + 1.
1
3 + -20 + (-1 - -11) + -2
-9
-9 + 19 + -4 + -6
0
What is 1 + 0 + -4 - (-41 - -39)?
-1
What is the value of 7 + -2 + (2 - 3)?
4
Calculate (2 + 2 - 6) + 4.
2
Evaluate 0 - (3 - (1 - (-5 + 8))).
-5
0 + (2 - -5) + -4
3
(-3 - -1) + (2 - 2)
-2
Calculate (9 - 14) + (-3 - -5) + 7.
4
What is -2 + 0 + (-4 - -9 - -3)?
6
Evaluate 1 - (-2 + -1 - -1).
3
What is the value of 4 + -13 - -12 - 7?
-4
Evaluate 19 - (-3 - -4) - 13.
5
Evaluate (-4 - (-2 - -1)) + -12 + 16.
1
8 + 2 + 2 + -4 - 4
4
Evaluate 0 + 2 + (-3 - 4) + -1.
-6
-1 - 0 - (3 - (6 + -5))
-3
What is -3 - -4 - (-13 - -20)?
-6
What is -8 - (-5 - (-3 + 2))?
-4
What is 6 - (-2 + 1 - -8)?
-1
2 + 3 + -2 + -6 + 5
2
What is -2 + -3 + -1 + -1?
-7
-6 - (-1 + 6 + 1 + -11)
-1
What is 1 - (-6 + 3 - (-11 + 2))?
-5
(-5 + -1 + -7 - 1) + 7
-7
Evaluate 1 + -10 + -18 + 21 + 5.
-1
Evaluate -4 + 8 + -2 - -2 - 1.
3
Evaluate -27 + 26 + (-11 - -1) + 7.
-4
(2 - 0) + 24 + -28
-2
What is the value of -2 - (-60 + 57 + 0 + -2)?
3
What is the value of -1 - 6 - (14 + -5 + -8)?
-8
Calculate -15 - -16 - (-1 - -2 - -1).
-1
(-16 - -9) + (-6 - -12) + -2
-3
What is (-54 + 44 - (-1 - 1)) + 16?
8
Evaluate 2 + -2 - 1 - (0 - 5).
4
Calculate -3 + 4 + -5 + 0.
-4
Evaluate 4 + (7 - 2 - 4) + 3.
8
Calculate 1 - (-3 - (-2 - 9)).
-7
What is the value of 8 + 7 + -7 + -4?
4
Calculate -5 - (-8 - (1 + -10)).
-6
6 - 0 - (-6 + 14 + -2)
0
Calculate (2 - (1 + 1)) + -8 + 7.
-1
-1 - 13 - (-3 - 5)
-6
What is -10 + (7 - (-1 - 10))?
8
Evaluate -3 + 0 - (11 + -8) - -1.
-5
Calculate 0 + -5 + 9 + 14 + -18.
0
What is the value of -14 + 18 - (2 + (-1 - -1))?
2
What is -3 + 6 + -2 + (0 - -1)?
2
-4 - (-1 - -5 - 6)
-2
-4 + (8 - 2) + 1 + 2
5
What is the value of -4 + 0 + 2 - 0?
-2
What is 3 + -5 + 2 + -2 - -7?
5
Evaluate 3 + (8 - (17 - -7)) + 4.
-9
-4 + -2 + -2 + -6 + 5
-9
Calculate (3 - (-1 - 2)) + (16 - 16).
6
Evaluate (-1 - -2) + 4 + -128 + 122.
-1
What is -2 - -2 - (-2 + -1 + 0)?
3
Calculate -3 + 14 + -1 + -5.
5
Evaluate -2 - (2 + (5 - (11 - 2))).
0
What is the value of 4 + -3 + 0 - (-3 - 1)?
5
What is 9 + 1 - (1 - (1 + -7))?
3
Evaluate 1 + -1 + (2 - 1).
1
Evaluate -4 - (1 - (-7 - -14)).
2
What is -4 - -6 - (-1 + (4 - -2))?
-3
What is -3 + -2 + 2 - (-5 - -4)?
-2
(3 - 8) + 4 - (4 + -8)
3
5 - (4 + (-13 - -11))
3
1 - (-4 + -2 + 15 + -8)
0
What is the value of -4 - -5 - (1 + -4)?
4
What is -1 + (3 + -3 - -3)?
2
What is 2 - 6 - -5 - 6 - -4?
-1
Calculate -6 + 0 + 2 + 11 + -4.
3
What is 1 + 1 + -2 - 3?
-3
What is (2 - -1) + (-11 + 20 - 15)?
-3
Evaluate 19 + (-5 - 16) - (-3 + 0).
1
What is 0 + (2 - 1) + 2 - 8?
-5
-1 + -6 + 4 + 0
-3
-4 + (-2 - 0 - (-21 + 12))
3
What is the value of (-2 - (-1 + 2)) + (2 - -4)?
3
What is the value of (3 - (5 + -3)) + -3?
-2
What is the value of (11 - 4 - 8) + -1 + 0?
-2
Calculate 6 + 0 + -2 + 0.
4
Evaluate (0 - 7) + 7 - 5.
-5
Evaluate 1 - (-4 - -7 - 7).
5
Calculate (2 - 0) + (0 - 0).
2
5 + (-1 - (5 + -5)) - 2
2
What is the value of -5 - (-3 - 0) - -9 - 3?
4
Calculate (4 - -9) + -4 + -7 - -8.
10
Evaluate (-3 - -3) + 3 + -3.
0
Calculate 5 + -1 + (-20 - -21).
5
Evaluate -7 - (0 - (-2 - 0)).
-9
What is 0 + (-3 - (0 - 0)) + 1?
-2
-6 + 8 - -4 - (0 - -3)
3
Evaluate 6 + (-1 - 3) - 3.
-1
What is the value of 0 + -3 + (10 - 5)?
2
Calculate (-3 - (5 - 8)) + 4.
4
Calculate -7 - -6 - -3 - -3 - 4.
1
Calculate 3 + (18 - 25) + 0 + 13.
9
Evaluate 35 + -40 + (0 - 0 - -5).
0
Evaluate -2 + -2 + 7 + -5.
-2
What is the value of 2 + 1 + (-10 - -7) + -1?
-1
What is (-7 - -1) + (17 - 14)?
-3
What is the value of 3 + -5 + 1 + -1?
-2
-3 + 9 + -5 + 2
3
Calculate 1 + 4 + -8 + -1 + 5.
1
Evaluate -8 + 7 + -5 - -4.
-2
What is the value of -9 + 10 + -6 + 1?
-4
What is the value of -1 + -6 - ((2 - 1) + -14)?
6
What is -12 + 11 - -5 - -4?
8
3 - (0 + 1 + 0) - 1
1
Calculate 0 + 2 + (1 - 12).
-9
Calculate 6 + (-5 + 3 + -6 - 8).
-10
What is the value of 0 - (3 - 3) - -5?
5
What is 0 + (-3 + 6 - 2)?
1
(0 - (-3 - -3)) + -1
-1
Evaluate -8 + 7 + -6 + 2.
-5
What is the value of 15 + -14 + (-1 - (-1 - -2))?
-1
What is -6 - 1 - (0 - 4)?
-3
(11 - (7 - 4)) + -4
4
25 + -22 + (1 - 6)
-2
1 - (3 - (5 - 3))
0
What is the value of -2 - (1 - (2 + 1))?
0
Calculate (5 - (2 - -1)) + 7.
9
Calculate 4 - (9 - 4) - -3.
2
-3 + -3 + -3 + 2
-7
Calculate -17 + 16 - ((8 - 4) + -3).
-2
What is -1 + 3 - (-1 - (-2 - 7))?
-6
Evaluate 11 + -9 - (-4 - 1 - -2).
5
What is 14 + -17 + 0 + 3?
0
What is 2 + (-8 - -5) - 2?
-3
Calculate (-98 - -102) + (-1 - 3 - -1).
1
Calculate -4 + 4 + (-1 - -1).
0
Calculate 1 + -7 + (22 - 20).
-4
What is 2 - (-2 + (-7 - -9))?
2
Evaluate -1 - (2 + -9) - 8.
-2
What is (1 - 3) + -4 + 8 + 3?
5
Evaluate 3 + -7 + 3 + 3.
2
Calculate 14 - 6 - 6 - (-3 + 0).
5
What is the value of 79 + -78 + 2 + 1?
4
What is the value of 0 + (-1 + 3 - 0)?
2
Evaluate (9 + -12 - -9) + -12.
-6
Evaluate (0 - 6) + (5 - -1).
0
Calculate (-5 - -7 - (-1 - 0)) + -8.
-5
-7 - (-6 - (2 - 6)) - -3
-2
What is 5 + (0 - 3) + (31 - 25)?
8
Evaluate 1 + 3 - (-1 - -2 - -5).
-2
What is the value of -128 - -130 - (-1 + 1 + 5)?
-3
Evaluate 3 + -10 + 11 + 1.
5
Calculate (2 - 1) + (49 - 55).
-5
Evaluate 2 + (-5 - -2) + 0.
-1
What is -6 + 6 - (-2 - -3)?
-1
What is -8 - 7 - 4 - -9?
-10
4 + (-3 - (0 + 1 + -5))
5
What is 3 - (1 - 2 - 2) - 4?
2
What is the value of (-4 - 14) + 9 + 2?
-7
What is 1 + 7 - (10 + -12 + 7)?
3
What is (-1 - -4) + (-3 - 3) - -6?
3
(77 - 82) + 3 + -1 - -1
-2
What is the value of (1 - 7) + 2 + 8 + -3?
1
7 + 0 - (11 + -9)
5
What is 6 + (-4 - 0) + -5 + 1?
-2
Calculate 6 - (6 + -2 + -3) - 3.
2
Evaluate -4 + 3 + -3 - (0 + 1).
-5
What is -7 + -6 + 1 + (3 - 0)?
-9
-9 + 0 - (40 + -55)
6
Evaluate (10 - 7) + 1 + (-4 - 0).
0
Evaluate (-3 - (-5 - 1)) + -4 + -2.
-3
What is the value of -3 + (-5 - (2 + -18)) + -5?
3
Calculate 6 - (0 + -8 - (-10 - -5)).
9
Calculate 0 + 13 + -7 + 0 + -3.
3
What is 6 + 2 + (3 - 3) + -6?
2
Calculate (14 - (-7 + 14)) + -2.
5
Evaluate (5 - 13) + (2 - (0 + -2)).
-4
What is the value of 2 + (15 + -19 - (-6 - -1))?
3
Evaluate (-2 - -5) + -3 - -4.
4
Evaluate -7 + (5 - 1) + 4.
1
Calculate -3 + -1 - (-4 + 0).
0
What is 0 + (-7 - -1 - -11)?
5
12 - ((3 - -1) + 15)
-7
What is (3 - (-2 - -6)) + 0?
-1
What is the value of -1 + -2 - (-49 + 41)?
5
Calculate 3 + 5 - (60 - 44).
-8
Evaluate -12 + (3 - -1) - -6.
-2
What is -4 - (-4 - (-5 + 3))?
-2
7 - (0 - (-1 + 0))
6
(78 - 74) + (0 + -1 - -1)
4
Calculate (4 + 1 - (26 + -22)) + 5.
6
Evaluate (2 - (0 - 0)) + -6.
-4
-2 - (-3 - (-6 - -7) - -7)
-5
(3 - 12) + 8 + -3
-4
Evaluate 45 - 53 - (-9 + 0).
1
Evaluate -1 - 7 - (2 - 7).
-3
-9 + -2 - (12 + -23)
0
Calculate -4 + 10 + -3 - 4.
-1
Calculate -14 - -15 - (0 + -3).
4
Evaluate 11 + (-5 - (0 + -4)).
10
3 + (0 - (-7 - -6))
4
What is (-3 + -1 + 3 - -1) + -2?
-2
-11 + 7 + (-3 - -1)
-6
Evaluate (-3 - 2) + (5 - (3 - 0)).
-3
What is the value of 0 - (-2 + 0) - -1?
3
Evaluate -7 - (2 - (1 + 3)).
-5
-3 + -19 + 11 - -13
2
What is the value of -12 + 16 + (-3 - 8)?
-7
4 - (-3 - -5 - 2)
4
What is the value of (0 - -3) + 2 + 0 + -1?
4
0 + (2 + -7 - -3)
-2
Evaluate -5 - ((1 - 4) + 1).
-3
(5 - 1) + -4 - 0
0
What is 9 - (5 + -5 + -4 + 9)?
4
Calculate 12 + -4 + 0 + -4.
4
Calculate (1 - (1 + -8)) + (-14 - -11).
5
What is the value of 0 + -1 + (18 - 9) + -9?
-1
Evaluate (-17 - -19) + (0 - 0).
2
What is (-1 - (-2 - -2)) + 0 + 1?
0
7 + -3 + 1 + (-19 - -11)
-3
What is the value of -2 + 6 - -3 - 0 - 3?
4
Calculate -2 + 5 + -4 + 5.
4
What is the value of -3 + 3 + (-2 - (-2 - 3))?
3
Evaluate 8 - (-12 + 25 + -12).
7
What is (1 - (6 - 2)) + (5 - 6)?
-4
W